{"id":2125,"date":"2026-02-05T03:24:31","date_gmt":"2026-02-05T03:24:31","guid":{"rendered":"https:\/\/tourstepoztlan.com.mx\/site\/?post_type=product&#038;p=2125"},"modified":"2026-02-05T03:24:31","modified_gmt":"2026-02-05T03:24:31","slug":"zacualpan-tradicional","status":"publish","type":"product","link":"https:\/\/tourstepoztlan.com.mx\/site\/producto\/zacualpan-tradicional\/","title":{"rendered":"Zacualpan tradicional"},"content":{"rendered":"<p>No te quedes con las ganas, vive Zacualpan en todo su esplendor.<\/p>\n<p>Zacualpan tradicional es una mezcla de experiencias en gastronom\u00eda, cultura e historia donde podr\u00e1s conocer y practicar trueque, aprender la t\u00e9cnica de cartoner\u00eda fina, degustar deliciosos platillos elaborados por nuestra cocinera tradicional con recetas Zacualpenses, degustar exquisitas bebidas preparadas a base de aguardiente, atr\u00e9vete a disfrutar de distintas actividades vivenciales en un solo recorrido.<\/p>\n<div class=\"elementor-element elementor-element-4235781 elementor-widget elementor-widget-heading\" data-id=\"4235781\" data-element_type=\"widget\" data-widget_type=\"heading.default\">\n<h2 class=\"elementor-heading-title elementor-size-default\">Incluye:<\/h2>\n<\/div>\n<div class=\"elementor-element elementor-element-2f0e571 elementor-widget elementor-widget-text-editor\" data-id=\"2f0e571\" data-element_type=\"widget\" data-widget_type=\"text-editor.default\">\n<p>Recorrido descripcio\u0301n y actividad\u00a0 antes mencionada<br \/>\nOtras condiciones, consultarlas con la Operadora Turi\u0301stica Tepoztla\u0301n<\/p>\n<\/div>\n<div class=\"elementor-element elementor-element-bc651da e-con-full e-flex e-con e-child\" data-id=\"bc651da\" data-element_type=\"container\">\n<div class=\"elementor-element elementor-element-ed90f0a elementor-widget__width-initial elementor-position-top elementor-widget elementor-widget-image-box\" data-id=\"ed90f0a\" data-element_type=\"widget\" data-widget_type=\"image-box.default\">\n<div class=\"elementor-image-box-wrapper\">\n<figure class=\"elementor-image-box-img\"><\/figure>\n<div class=\"elementor-image-box-content\">\n<ul>\n<li class=\"elementor-image-box-title\">Hidrataci\u00f3n durante el recorrido<\/li>\n<li class=\"elementor-image-box-title\">Incluye seguro en caso de incidentes<\/li>\n<li class=\"elementor-image-box-title\">Incluye gu\u00eda especializado<\/li>\n<li class=\"elementor-image-box-title\">Transporte local<\/li>\n<\/ul>\n<\/div>\n<\/div>\n<\/div>\n<\/div>\n","protected":false},"excerpt":{"rendered":"<p>No te quedes con las ganas, vive Zacualpan en todo su esplendor. Zacualpan tradicional es una mezcla de experiencias en gastronom\u00eda, cultura e historia<\/p>\n","protected":false},"featured_media":1674,"comment_status":"open","ping_status":"closed","template":"","meta":{"_acf_changed":false},"product_brand":[],"product_cat":[26],"product_tag":[],"class_list":{"0":"post-2125","1":"product","2":"type-product","3":"status-publish","4":"has-post-thumbnail","6":"product_cat-sin-categorizar","8":"first","9":"instock","10":"virtual","11":"purchasable","12":"product-type-simple"},"acf":[],"_links":{"self":[{"href":"https:\/\/tourstepoztlan.com.mx\/site\/wp-json\/wp\/v2\/product\/2125","targetHints":{"allow":["GET"]}}],"collection":[{"href":"https:\/\/tourstepoztlan.com.mx\/site\/wp-json\/wp\/v2\/product"}],"about":[{"href":"https:\/\/tourstepoztlan.com.mx\/site\/wp-json\/wp\/v2\/types\/product"}],"replies":[{"embeddable":true,"href":"https:\/\/tourstepoztlan.com.mx\/site\/wp-json\/wp\/v2\/comments?post=2125"}],"wp:featuredmedia":[{"embeddable":true,"href":"https:\/\/tourstepoztlan.com.mx\/site\/wp-json\/wp\/v2\/media\/1674"}],"wp:attachment":[{"href":"https:\/\/tourstepoztlan.com.mx\/site\/wp-json\/wp\/v2\/media?parent=2125"}],"wp:term":[{"taxonomy":"product_brand","embeddable":true,"href":"https:\/\/tourstepoztlan.com.mx\/site\/wp-json\/wp\/v2\/product_brand?post=2125"},{"taxonomy":"product_cat","embeddable":true,"href":"https:\/\/tourstepoztlan.com.mx\/site\/wp-json\/wp\/v2\/product_cat?post=2125"},{"taxonomy":"product_tag","embeddable":true,"href":"https:\/\/tourstepoztlan.com.mx\/site\/wp-json\/wp\/v2\/product_tag?post=2125"}],"curies":[{"name":"wp","href":"https:\/\/api.w.org\/{rel}","templated":true}]}}