{"id":2066,"date":"2026-02-04T19:30:53","date_gmt":"2026-02-04T19:30:53","guid":{"rendered":"https:\/\/tourstepoztlan.com.mx\/site\/?post_type=product&#038;p=2066"},"modified":"2026-02-04T21:30:37","modified_gmt":"2026-02-04T21:30:37","slug":"ruta-mazatl","status":"publish","type":"product","link":"https:\/\/tourstepoztlan.com.mx\/site\/producto\/ruta-mazatl\/","title":{"rendered":"Ruta M\u00e1zatl"},"content":{"rendered":"<p>Caminata de bajo impacto entre el bosque y monta\u00f1a dentro del Parque Nacional el Tepozteco, se desarrolla en el valle de Atongo, este hiking est\u00e1 planeado para la iteraci\u00f3n con venados cola blanca, a trav\u00e9s del santuario puedes recorrer un sendero en una secci\u00f3n de cafetales, oyameles y encinos hacia un mirador de 30 mts., de altura en donde encontraras pinturas rupestres, adem\u00e1s, con la llegada de las lluvias, podr\u00e1s apreciar de la formaci\u00f3n de cascadas de agua cristalina que se esconden entre la ca\u00f1ada, esta actividad est\u00e1 dise\u00f1ada para p\u00fablico en general ya que su dificultad no es excesiva y no compromete el estado f\u00edsico con altos esfuerzos.<br \/>\nLa actividad contempla hiking trip, as\u00ed que el participante se deber\u00e1 equipar con ropa c\u00f3moda y ligera para el constante movimiento\u00a0.<\/p>\n<div class=\"elementor-element elementor-element-c71358c elementor-widget elementor-widget-heading\" data-id=\"c71358c\" data-element_type=\"widget\" data-widget_type=\"heading.default\">\n<h2 class=\"elementor-heading-title elementor-size-default\">Incluye:<\/h2>\n<\/div>\n<div class=\"elementor-element elementor-element-29a593e elementor-widget elementor-widget-text-editor\" data-id=\"29a593e\" data-element_type=\"widget\" data-widget_type=\"text-editor.default\">\n<p>Recorrido descripcio\u0301n y actividad\u00a0 antes mencionada<br \/>\nOtras condiciones, consultarlas con la Operadora Turi\u0301stica Tepoztla\u0301n<\/p>\n<\/div>\n<div class=\"elementor-element elementor-element-59644f6 e-con-full e-flex e-con e-child\" data-id=\"59644f6\" data-element_type=\"container\">\n<div class=\"elementor-element elementor-element-afa8b1e elementor-widget__width-initial elementor-position-top elementor-widget elementor-widget-image-box\" data-id=\"afa8b1e\" data-element_type=\"widget\" data-widget_type=\"image-box.default\">\n<div class=\"elementor-image-box-wrapper\">\n<figure class=\"elementor-image-box-img\"><\/figure>\n<div class=\"elementor-image-box-content\">\n<ul>\n<li class=\"elementor-image-box-title\">Hidrataci\u00f3n durante el recorrido<\/li>\n<li class=\"elementor-image-box-title\">Incluye seguro en caso de incidentes<\/li>\n<li class=\"elementor-image-box-title\">Incluye gu\u00eda especializado<\/li>\n<li class=\"elementor-image-box-title\">Transportaci\u00f3n local<\/li>\n<\/ul>\n<\/div>\n<\/div>\n<\/div>\n<\/div>\n","protected":false},"excerpt":{"rendered":"<p>Caminata de bajo impacto entre el bosque y la monta\u00f1a dentro del Parque Nacional El Tepozteco. Se desarrolla en el valle de Atongo y est\u00e1 planeada para la interacci\u00f3n con la flora y fauna.<\/p>\n","protected":false},"featured_media":925,"comment_status":"open","ping_status":"closed","template":"","meta":{"_acf_changed":false},"product_brand":[],"product_cat":[27],"product_tag":[],"class_list":{"0":"post-2066","1":"product","2":"type-product","3":"status-publish","4":"has-post-thumbnail","6":"product_cat-experiencias-en-tepoztlan","8":"first","9":"instock","10":"virtual","11":"purchasable","12":"product-type-simple"},"acf":[],"_links":{"self":[{"href":"https:\/\/tourstepoztlan.com.mx\/site\/wp-json\/wp\/v2\/product\/2066","targetHints":{"allow":["GET"]}}],"collection":[{"href":"https:\/\/tourstepoztlan.com.mx\/site\/wp-json\/wp\/v2\/product"}],"about":[{"href":"https:\/\/tourstepoztlan.com.mx\/site\/wp-json\/wp\/v2\/types\/product"}],"replies":[{"embeddable":true,"href":"https:\/\/tourstepoztlan.com.mx\/site\/wp-json\/wp\/v2\/comments?post=2066"}],"wp:featuredmedia":[{"embeddable":true,"href":"https:\/\/tourstepoztlan.com.mx\/site\/wp-json\/wp\/v2\/media\/925"}],"wp:attachment":[{"href":"https:\/\/tourstepoztlan.com.mx\/site\/wp-json\/wp\/v2\/media?parent=2066"}],"wp:term":[{"taxonomy":"product_brand","embeddable":true,"href":"https:\/\/tourstepoztlan.com.mx\/site\/wp-json\/wp\/v2\/product_brand?post=2066"},{"taxonomy":"product_cat","embeddable":true,"href":"https:\/\/tourstepoztlan.com.mx\/site\/wp-json\/wp\/v2\/product_cat?post=2066"},{"taxonomy":"product_tag","embeddable":true,"href":"https:\/\/tourstepoztlan.com.mx\/site\/wp-json\/wp\/v2\/product_tag?post=2066"}],"curies":[{"name":"wp","href":"https:\/\/api.w.org\/{rel}","templated":true}]}}